se 0 = 5*a - 2*n - 566, -314 = -4*a + n + 137. Calculate the highest common factor of a and 28.
28
Let y(t) = -14*t + 8. Let u be y(-8). Calculate the greatest common divisor of u and 24.
24
Let o(h) = h**2 - 3*h - 7. Let w be o(5). Suppose 4*y + w = 3*y. Let s = 69 - y. What is the highest common divisor of 8 and s?
8
Let h(y) = -y - 2. Let v be h(-2). Suppose v = 4*k + 2*q, 0*q = -5*q - 10. Let f be 1/1 - k - -15. What is the greatest common divisor of f and 15?
15
Suppose 2*z + 2*g = 776 + 54, 4*z - 1654 = -2*g. Let s be (-1)/6 + z/24. Let r be 170/4*16/10. Calculate the greatest common factor of r and s.
17
Let o(r) = -4*r. Let d = 2 + -3. Let h be o(d). Suppose 21 = 3*q + 5*a, -3*q + h*a - 35 = -8*q. Calculate the highest common divisor of 35 and q.
7
Let j(r) = 2*r**2 - 2*r + 1. Let t(x) = -x**2 + x - 1. Let f(h) = j(h) + t(h). Let o be f(-2). Calculate the greatest common factor of o and 6.
6
Suppose 4*j - 16 = 64. Suppose -5*p - 39 = -3*h, -3*h - h + 3*p + 41 = 0. What is the highest common factor of h and j?
4
Let r be 2/(-5)*8*-110. Calculate the highest common factor of 32 and r.
32
Let h = 3 + -6. Let i = -1 - h. What is the highest common factor of i and 3?
1
Suppose -j + 5 = 3. Let k be 84 + -3 + (1 - j). Suppose 0 = h - 16 - 4. What is the greatest common divisor of h and k?
20
Let k be 10/25 + (-39)/(-15). Calculate the highest common divisor of 12 and k.
3
Let k(t) = -t**3 + 5*t**2 + 7*t. Let f be k(5). What is the highest common divisor of f and 14?
7
Suppose u = 6*u + 135. Let m = 48 + u. Let o(x) = 20*x + 4. Let c be o(4). What is the greatest common factor of c and m?
21
Suppose x - 36 = -11*x. Suppose -4*i = -3*b - 19, -13 = -3*i + 5*b + 15. Calculate the greatest common divisor of i and x.
1
Let j be 19 - 1*(2 + -3). Let l(w) = 297*w. Let m be l(1). Suppose -5*n + 3*g + 785 = 0, -3*n + 163 = -4*g - m. Calculate the highest common factor of n and j.
20
Let l(i) = 12*i. Suppose 0 = -4*a + 4. Let v be l(a). What is the greatest common divisor of v and 18?
6
Let v be (-36)/14*(-17 + 10). Calculate the greatest common divisor of 90 and v.
18
Suppose 3*s = h - 60, -h = -3*s + 2*s - 68. Calculate the highest common divisor of h and 9.
9
Let b be ((-22)/(-1))/2 + -1. Let w = -71 - -181. What is the highest common divisor of b and w?
10
Suppose -2*i + 8 = -28. Suppose -2*v - 45 = -7*v. Calculate the highest common factor of v and i.
9
Suppose -2*f = -4*f + 14. Let z = -29 + 106. What is the greatest common divisor of z and f?
7
Suppose -5*r - 12 = 4*p + 9, 0 = -2*r - p - 9. Let i = r + 5. Suppose 90 = 3*t - i*t. What is the greatest common factor of 45 and t?
15
Let g(h) = h**2 + 4*h + 22. Let s be g(-7). Calculate the highest common factor of s and 215.
43
Let a = -15 - -65. What is the greatest common divisor of a and 10?
10
Let n = -37 - -62. Calculate the highest common divisor of 10 and n.
5
Let m(k) = 35 + 40*k - 150*k - 34. Let g be m(-3). Suppose -3*f + 508 = -4*p, 3*f - 5*p = 5*f - g. What is the greatest common factor of f and 21?
21
Suppose -252 = -5*l + i - 42, -3*i - 210 = -5*l. Let u be (l/2 - 3)/2. What is the highest common factor of 3 and u?
3
Suppose 9*r - 4*r - 3*w - 2 = 0, -w - 3 = -4*r. Calculate the greatest common factor of r and 4.
1
Suppose 3*b + 144 = -3*n, 2*n + 186 = -4*b - 0*b. Let u = -24 - b. Calculate the greatest common factor of 84 and u.
21
Let t be 78/(-4)*(-10)/3. Suppose -7*i - 2 + 184 = 0. What is the greatest common factor of i and t?
13
Let u(t) be the second derivative of -t**5/20 + t**4/12 - t**3/6 - t**2/2 + 2*t. Let j be u(-1). Calculate the greatest common divisor of 6 and j.
2
Let k be (-4)/(12/(-5) - -2). Suppose 3*q = l - 92, -5*l + 4*q + 372 + 44 = 0. What is the greatest common divisor of l and k?
10
Suppose -b + 1 = 3. Let w(c) = -c. Let a be w(b). Calculate the highest common divisor of 1 and a.
1
Let s(f) = 155*f**2 + f + 1. Let j be s(-1). What is the highest common factor of j and 62?
31
Suppose n + 3*a - 32 = 0, -2*a + 64 = -0*n + 2*n. Calculate the highest common divisor of n and 256.
32
Let d be (-6)/(-4) + 10/4. Let w(v) = -v**2 + 6*v - 4. Let i be w(d). Suppose i*s = 8*s - 40. Calculate the highest common divisor of s and 90.
10
Let x be 22/(-55)*(4 - -1). Let o be 14*2*(-1)/x. Calculate the greatest common divisor of 21 and o.
7
Suppose 0 = 5*j + 2*l + 3*l - 165, 4*j = l + 132. Calculate the highest common divisor of 3 and j.
3
Let k = 0 - -3. Suppose -k*s - 441 = -4*y, s = -3*y + 6*s + 339. Calculate the greatest common factor of 12 and y.
12
Let u(r) = -11*r - 2. Let w = 0 + -2. Let q be u(w). What is the highest common divisor of q and 80?
20
Let q(a) = -a**3 + 8*a**2 + a - 1. Let m be q(8). Let n = 3 - m. Let j be (5/n)/((-4)/16). What is the highest common factor of j and 40?
5
Suppose -3*y = -0*y - 27. Suppose -t - 3*t + 4*r = 0, 5*r = -t + 6. What is the greatest common divisor of t and y?
1
Let l(b) = b**3 - b**2 + 160. Let a be l(0). Suppose -4*k - 80 = -3*w - 12, 4*w - 76 = -2*k. What is the highest common factor of a and w?
20
Let b(v) = -v**3 + 12*v**2 + 5*v - 21. Let n be b(12). What is the highest common factor of n and 429?
39
Let g be (3 - 8)*(-99)/5. What is the greatest common factor of g and 9?
9
Suppose -n - 4*n + 20 = 0. Let u = 69 + -25. What is the highest common divisor of n and u?
4
Suppose -a + 8 = -22. Let u = -8 - -23. Calculate the greatest common divisor of u and a.
15
Let n be -6 + 412/10 - (-8)/10. Suppose -4*w + 60 = -12. What is the highest common divisor of n and w?
18
Let w(p) = 4*p - 2*p - 43*p**2 + 46*p**2 + 5 - 4. Let r be w(-1). What is the highest common factor of 14 and r?
2
Let v(j) be the first derivative of 8*j**3/3 - j**2 - 4. Let k be v(2). Calculate the highest common divisor of k and 7.
7
Let y be 3/(-6) + 1/2. Suppose y = 2*o + 2*o - 20. Let j(r) = 3*r**2 - 7*r + 5. Let z be j(o). What is the greatest common factor of z and 9?
9
Let s = -10 + 46. Let v = s + -22. What is the highest common factor of 112 and v?
14
Let a = 226 + -150. Let n = -46 + a. What is the highest common factor of n and 15?
15
Suppose 0 = 2*g + 13 - 43. What is the highest common divisor of g and 15?
15
Let u(h) = -3*h + 51. Let f be u(-15). What is the highest common divisor of 6 and f?
6
Let v = -61 - -64. Suppose -t = -0*t - 27. Calculate the greatest common factor of v and t.
3
Suppose 5*h - 2*g + 230 - 1020 = 0, -2*g + 490 = 3*h. Calculate the greatest common factor of 10 and h.
10
Let z = 2 - -3. Suppose -r = 4*t - 23 - 5, 5*r = z*t - 10. Let g = 89 - 35. Calculate the greatest common divisor of g and t.
6
Suppose -r + 9 = -4*l - 4*r, -r = -2*l + 3. Suppose -2*y + 34 = -l*y. What is the greatest common factor of 119 and y?
17
Let m be (1/(-2))/(6/12). Let k(v) = -7*v - 1. Let y be k(m). Let j be (16/(-4))/4 + 3. What is the highest common factor of j and y?
2
Let q = 90 - 83. Calculate the greatest common divisor of 126 and q.
7
Let k(b) = -b - 7. Let s be k(-9). Suppose -5*y = -s*v - 30, -3*y = 5*v + 17 - 4. Let h be (v/(-2))/(6/156). Calculate the greatest common divisor of h and 26.
13
Let k(a) = a**3 - 8*a**2 - 8*a - 8. Let j be k(9). Suppose -2 = -s + j. Calculate the highest common factor of 6 and s.
3
Suppose -105 = -4*v + 7. Suppose -2*z + 28 = 3*f - f, -z + 4*f + 14 = 0. Calculate the greatest common divisor of v and z.
14
Let a = -6 - -88. Let t = 58 - a. Let x be ((-160)/t)/(2/36). Calculate the highest common divisor of 48 and x.
24
Suppose 2*f - f - 17 = 0. What is the highest common divisor of f and 17?
17
Let f(w) = 6*w**2 - 6*w + 1. Let d be f(5). What is the highest common divisor of d and 11?
11
Suppose 15*f = 10*f + 675. Calculate the greatest common divisor of 15 and f.
15
Suppose 3*z + 3*w + 63 = -0*w, -3*z + 3*w = 57. Let v = z + 30. What is the greatest common divisor of 5 and v?
5
Let k be 1 + (3 - -2)*7. Suppose -5*y = n + 6, 3*n - 3*y + 2*y = 14. Calculate the highest common factor of n and k.
4
Let m be 1 - -2*(-2)/(-4). Let f be (-3)/m*(-16)/3. Suppose 3*d - f*d + 50 = 0. Calculate the highest common divisor of 15 and d.
5
Suppose 3*q = 0, 2*f - 4*q - 25 = -5. Suppose z + z = -f. Let p = 10 + z. Calculate the greatest common divisor of 45 and p.
5
Suppose -j = 2*t - 220, -6*j - 550 = -5*t - 3*j. Calculate the 